it of m?
4
Suppose 0*h = -4*h + 12. Let g = 1268 + -1260. Suppose -g*r = -h*r - 205. What is the units digit of r?
1
Suppose 0 = -5*x - 4*k + 1323 + 1987, 1983 = 3*x + 3*k. What is the units digit of x?
6
Let s(t) = -20*t. Suppose 1 = -2*l + 3. Let x be s(l). Let r = x - -43. What is the tens digit of r?
2
Let m = 2 - 1. Let v be ((-6)/8)/(m/(-4)). Suppose v = -a + 29. What is the units digit of a?
6
Let n be ((-26)/8)/(11/4 - 3). Suppose -2*f = -5 - n. What is the units digit of f?
9
Suppose l = -l - 2. Let n(f) = 3*f**2 - 1. What is the units digit of n(l)?
2
Let w(h) = -50*h + 9. Let l be w(4). Let g = 343 + l. What is the tens digit of g?
5
Let g(r) = 22*r**2 + r - 4. Let v be g(3). Let p = v + -113. What is the units digit of p?
4
Suppose -94*h + 102*h - 1472 = 0. What is the hundreds digit of h?
1
Suppose -5*t = 0, -t + 1 = -2*w + w. What is the units digit of -2 + (33 - w) + -4?
8
Suppose -225 = -4*f - f - 5*v, -3*v = -4*f + 145. Let y be f/(-3) + (-6)/(-18). Let t = y - -25. What is the tens digit of t?
1
Suppose 5*y - 3*w - 991 = 0, w - 4*w = -4*y + 794. What is the hundreds digit of y?
1
Let b(m) = m + 1. Let j be b(2). Suppose -j*h - 2*h - 10 = 0. What is the tens digit of (-30)/(3 - h)*-4?
2
Let p(k) = k + 487. What is the units digit of p(0)?
7
Suppose -4*t + 0*t = -48. Let l(g) = 3*g - 24. What is the tens digit of l(t)?
1
Suppose -588 = -3*q - 4*f, -3*q + 4*q - 196 = 4*f. Suppose 0 = -3*p - 5*v + 112, -3*p + q = p - 5*v. What is the units digit of p?
4
Let c be (-3)/9 - 32/(-6). Suppose 65 = -c*u - 2*j, 3*u + 2*j = -0*u - 35. What is the units digit of (u/(-6)*4)/2?
5
Suppose 4*p + o - 6*o = 177, -93 = -2*p + o. Suppose -p = -45*z + 44*z. What is the tens digit of z?
4
What is the units digit of (2 + -5)*-45*1?
5
Suppose 6*f = 217 - 67. Let p = 180 - f. What is the units digit of p?
5
Let s be 1 - -2*(-2 + 0). What is the tens digit of (1/s)/(2/(-522))?
8
Suppose -31 = 3*t - 571. Let j = 255 - t. What is the units digit of j?
5
Let h be 1/((-1)/(-5 + 2) + 0). Suppose 0 = c - h*c + 132. What is the units digit of c?
6
Let k be (-9 + -5)*3/(-6). Suppose k + 3 = 2*y. Suppose r - y = j, 3*r + 2*r = 2*j + 22. What is the units digit of r?
4
Let o(x) = 22*x - 37. What is the hundreds digit of o(23)?
4
Let w(s) = -s**3 + 19*s**2 - 8*s - 2. Let k be w(8). Suppose -22*u + 21*u = -8. Suppose k - 222 = u*l. What is the units digit of l?
2
Suppose p + 4*v = 328, 4*p - 679 = v + 718. Suppose 5*w + 761 = 4*q, p = q + q + 4*w. What is the tens digit of q?
8
Suppose 2*z = z. Suppose z = 2*j - 1 - 133. Let q = -19 + j. What is the units digit of q?
8
Let p(f) = 8*f**2 + 6*f + 3. Let s(o) = o + 8. Let z be s(-11). Let t(w) = w**3 + 3*w**2 + w. Let b be t(z). What is the tens digit of p(b)?
5
Suppose 3*m - 2*m - 312 = -v, 5*m = 5. What is the hundreds digit of v?
3
Suppose 3*b + 36 = 4*j, -2*b + 29 = 4*j - 27. Let i(x) = -4*x**3 + 3*x**2 + 3*x + 2. Let g be i(-3). Suppose g = 5*h - j. What is the tens digit of h?
2
Suppose 9 = x - 3*j, 8*x - 3*x = -5*j + 5. Suppose -20 = 4*b + x*s, 2*b - 2*s = -3 + 7. Let p(w) = -4*w**3 - w**2 - 4*w + 1. What is the tens digit of p(b)?
3
Let s be 0 + 0 + (0 - -2). Suppose 3*m - 211 = s*w - 7*w, -w = -m + 81. What is the tens digit of m?
7
Suppose 8*i - 22568 = -688. What is the thousands digit of i?
2
Let t(o) = 18*o**2 - 12*o - 29. What is the tens digit of t(-10)?
9
Suppose 0 = 40*w - 41*w + 554. What is the units digit of w?
4
Suppose 4 = -0*o - o. Let w be 1/(2/o) + 5. Suppose 4*t = -2*x + 16, x + 2*x - 51 = w*t. What is the units digit of x?
4
Let b(i) = 3*i**3 + 14*i**2 + 3*i + 28. Let v(w) = -4*w**3 - 14*w**2 - 2*w - 28. Let m(y) = 3*b(y) + 2*v(y). What is the units digit of m(-13)?
2
Let o(a) = 66*a - 129. What is the units digit of o(44)?
5
Let g(k) = -44 + 2*k - k**2 + k + 82*k**3 + 41. What is the tens digit of g(1)?
8
Let q(f) = -f - 18. Let z be q(-8). Let u = 20 + z. Suppose -4*l = t + u, t = 4*l + 19 - 5. What is the units digit of t?
2
Let d be (2/(-5))/(1/(-25)). Let r = -12 + d. What is the units digit of r*(98/4)/(-7)?
7
Suppose -3*s = 5*v + 3, -s + 4*s - 3*v + 3 = 0. Let c be (-2 - s)*(2 - 4). What is the tens digit of (3/c)/((-27)/(-504))?
2
Suppose -1779 = 321*i - 322*i. What is the units digit of i?
9
Suppose -3*d + 4*x = -x - 24, -4*x = 5*d - 40. Let u(y) = -y**2 - 13*y - 4. Let f be u(-6). What is the units digit of -4*(-2)/d*f?
8
Suppose -3*u + u = -218. Let j = u + 16. Suppose j = -w + 6*w. What is the units digit of w?
5
Let g be ((-1)/(-2) + 0)/(3/12). Suppose l = 5*m + 140, -2*l + 673 = 3*l + g*m. What is the hundreds digit of l?
1
Let c be 6/9 - (-7)/21. What is the tens digit of 1925/21 - c/(-3)?
9
Let o = -15 + -52. Let t = -33 - o. What is the units digit of t?
4
Let x be 9 + (-4)/8*8. Suppose -3*r + 37 = -4*c, 0 = x*r + 3*c + 4 - 114. Let v = r - -14. What is the tens digit of v?
3
Let q = 474 + -327. What is the units digit of q?
7
Suppose -z = 5*x - 18, -3*z + 30 = x + 4. Suppose 0 = -z*k + 98 + 22. What is the tens digit of k?
1
Suppose 46 = -5*l - 419. Let p = -51 - l. What is the tens digit of p?
4
Suppose -12 = -m + 5*w, 0 = -3*m - 3*w + w + 2. What is the hundreds digit of m/4 - (-862)/4?
2
What is the tens digit of 1/(-2 - -7) - (-1470)/25?
5
Let z(i) = 101*i**2 - 2*i + 1. Let s be z(1). Let q be (-3 - 0) + (4 - -6). Suppose q*o = 2*o + 2*t + s, 2*o + 4*t - 64 = 0. What is the units digit of o?
2
What is the hundreds digit of (45 + -2)*(-54)/(-6)?
3
Suppose -3*s + a + 4240 = 2*a, 5*s + 2*a = 7065. What is the units digit of s?
5
What is the hundreds digit of 948/7 - (-27)/(-63)?
1
Let w be (-1)/6*-3*6. Suppose -5*v + 8*v = -w*j + 336, 3*v = 15. What is the tens digit of j?
0
Let o(l) = -8*l - 5. Suppose -5*c + 28 = -12. Let d(h) = h**2 - 7*h - 13. Let s be d(c). What is the units digit of o(s)?
5
What is the units digit of (-6138)/(-45) - 4/10?
6
Let q = -14550 - -31846. What is the tens digit of q/120 - (-4)/(-30)?
4
Let k(c) = -c**3 + 6*c**2 + 2*c - 7. Let b = 5 - -1. Let n be k(b). Suppose l = 2*l + 3*g - 8, 5*l = -n*g + 80. What is the units digit of l?
0
Let g(v) = -8*v + 4. Let h be g(-2). Suppose -h = -4*n - n. Suppose 5*p - p - n = 0. What is the units digit of p?
1
Let q(g) = g - 2. Let f be q(6). Suppose 20 = f*i - 44. Suppose 0 = -z - 2*l + i, -30 = 5*z + 3*l - 96. What is the tens digit of z?
1
What is the units digit of (678/(-21))/(1/(-35))?
0
Suppose 168 = f + 2*f + 3*s, 0 = 2*f + 4*s - 104. Let u = 116 - f. What is the tens digit of u?
5
Let m = -739 + 1254. What is the units digit of m?
5
Let b be 4/(-5) - 36/5. Let l = -1 - b. What is the units digit of l?
7
Let j be 5 + (-5 - (-2 + -1)). Suppose 4*t - 11 = -4*i - j, 0 = 4*t + 5*i - 11. Let z = 9 + t. What is the units digit of z?
8
Let j be (-1)/5 - (-305)/25. Suppose j*g + 2 = 10*g. What is the units digit of (-6)/12*6/g?
3
Suppose -t - 6*n + 5*n = -663, 3*n + 1326 = 2*t. What is the hundreds digit of t?
6
Suppose 2*c = -3*k + 22, 0 = 2*k - 3*c + 4*c - 15. Let w be (-16)/k + 1 + 0. Let p = w + 18. What is the units digit of p?
7
Let m = 17 - -30. Suppose f + 6 = 3*f, 0 = 2*c + f - 7. Suppose s + 14 = j - 0*s, 3*j + c*s = m. What is the units digit of j?
5
Let h be 2*(-33)/(-2) + -3. Suppose 0 = 4*v - 10 + h, 0 = -2*q - 2*v + 2. Suppose -q - 10 = -4*t. What is the units digit of t?
4
Let w(q) = q**2 + 2*q + 2. Let j be w(-6). Let c(d) = 3*d - 20. Let a be c(23). Let x = a - j. What is the units digit of x?
3
Let s be (-2 - 1) + 16 + 1/(-1). Let l = s + 29. What is the tens digit of l?
4
Let q = -60 + 557. Let f = q - 277. What is the hundreds digit of f?
2
Let l = 25 + -23. Suppose -8 = -l*o + 4. Suppose o*h = 7*h - 29. What is the units digit of h?
9
Suppose 3*q + 5*t - 6 = q, -q - t = 0. What is the units digit of ((-902)/(-4))/11 - 3/q?
2
Let s = -90 + 215. Let q = -83 + s. What is the units digit of q?
2
Let i(q) = 3253*q**2 - q - 3. What is the tens digit of i(1)?
4
Suppose 4*m - 84 = 4*n, 5*m - 117 = -0*n - n. Suppose 3*x + m - 164 = 0. What is the tens digit of x?
4
Suppose -13*y + 2916 + 2531 = 0. Let c = y + -183. What is the tens digit of c?
3
Let n(j) = j**3 + 7*j**2 - j - 4. Let f be n(-7). Suppose 0 = -q + f*q - 5*o - 371, 3*o - 807 = -4*q. Suppose 7*k + q - 625 = 0. What is the units 